 43 = 7*v - 265. List the prime factors of v.
2, 11
Let w(j) = j + 4. Let b be w(-4). Suppose 2*c + b*c - 16 = 0. List the prime factors of c.
2
Let w = 0 - 8. Let f(z) = -3*z - 3. What are the prime factors of f(w)?
3, 7
Let q = -29 + 41. Suppose -q - 13 = -g. What are the prime factors of g?
5
Suppose -2*m - m + 189 = 0. List the prime factors of m.
3, 7
Let v(l) = l**2 - 8*l + 9. Let z = 3 + -4. Let f = 9 + z. List the prime factors of v(f).
3
Let p be 19 + (-5)/((-5)/(-2)). Let x = 28 - p. Suppose 0 = s - x - 5. List the prime factors of s.
2
Suppose 2*w - 32 = -5*g, 2*w - 4 = -2*w. List the prime factors of g.
2, 3
Let a be (6/4)/(3/4). Suppose 6*v - 8 = a*v. What are the prime factors of (3/v)/(6/64)?
2
Let s = -101 - -175. List the prime factors of s.
2, 37
Let u = 29 - 12. What are the prime factors of u?
17
Let z(i) = i**2 - 8*i + 1. Let o(t) = t**3 + 2*t**2 + 3*t. Let g be o(-2). Let f be (-6)/(-4)*(-40)/g. List the prime factors of z(f).
3, 7
Suppose -4*q - 13 = -5*q. Let b = q - 3. List the prime factors of b.
2, 5
Suppose 5*b - 148 = b. List the prime factors of b.
37
Suppose 3*r + 4*p + 103 = 0, -2*p - 53 = 4*r + 71. List the prime factors of 2/4 - r/2.
3, 5
Suppose 0 = q + 3*q - 16. Suppose 3*n - 14 = b, -q = 5*n + 5*b - 14. Suppose 2*p + n = 2*f - 24, 0 = -3*f - p + 30. What are the prime factors of f?
11
Let h = -4 + 5. What are the prime factors of (h - (-1 - -1)) + 2?
3
List the prime factors of 76/6 - 5/(-15).
13
Let q(f) = -f**2 + 6*f - 5. Let p be q(6). Let d = -43 - -31. Let t = p - d. List the prime factors of t.
7
Let n = -1 + 6. Let x(c) be the third derivative of c**5/60 - c**4/12 - 5*c**3/6 + c**2. What are the prime factors of x(n)?
2, 5
Let y(b) = -3 - 8 - 1 - 10*b - 3*b**2 + 2*b**2. Let d = 21 + -29. What are the prime factors of y(d)?
2
Suppose -3*s + 72 = o, -o + 4*o + 3*s = 246. List the prime factors of o.
3, 29
Suppose 340 = 3*k + k. What are the prime factors of k?
5, 17
Let b(c) = 66*c - 1. What are the prime factors of b(3)?
197
Let i = 13 - 9. List the prime factors of (i/10)/((-3)/(-360)).
2, 3
Let k = 11 - 9. What are the prime factors of k?
2
Let p(m) = -m**2 - 29*m + 57. What are the prime factors of p(-23)?
3, 5, 13
Let a(k) be the second derivative of 0 - 1/6*k**3 + 1/6*k**4 - 1/2*k**2 + 2*k. List the prime factors of a(2).
5
Let v(a) = a**2 + a - 3. Let t = 9 - 5. Let c be -2 - ((t - 1) + -2). What are the prime factors of v(c)?
3
Suppose x - 6 = -1. Suppose 5*p - 11 = -x*q + 9, -14 = -q + 4*p. List the prime factors of q.
2, 3
Suppose -y - 5*i = -34, 0 = -y - 0*i + i + 46. List the prime factors of y.
2, 11
Let w(r) = r**2 + 6*r - 4. Let s be 14*((-7)/2 + 3). What are the prime factors of w(s)?
3
Let i(k) = 17*k - 39. List the prime factors of i(5).
2, 23
Let r be ((-3)/(-2) - 1)*20. Let z be (-4)/(-10) - 4/r. Let m(n) = n + 10. List the prime factors of m(z).
2, 5
Suppose -4*z + 4*l + 9 + 7 = 0, -3*z - 2*l = -2. Suppose -4*t - 5*d = -z*d, t + d = 0. Suppose s - 3 = -t*s. List the prime factors of s.
3
Suppose -11 = 2*p - 91. Suppose 2*n = -3*c + 5, 7*n - p = 3*n + 4*c. List the prime factors of n.
7
Suppose -g + 125 = -4*o, -554 = -4*g - 5*o + 3*o. List the prime factors of g.
137
Let n be 2/3 - 39/(-9). Let u(c) = c**2 - 2*c - 5. What are the prime factors of u(n)?
2, 5
Suppose -t - 840 = -11*t. What are the prime factors of t?
2, 3, 7
Suppose 10*o - 266 = 3*o. What are the prime factors of o?
2, 19
Let s(y) = y**2 + 2*y - 1. Let x be s(1). Suppose 0 = -x*p - 3*c + 31, 5*p - 50 = -c - c. List the prime factors of p.
2
Suppose -2*i - 2*k = -4*i + 178, 4*i + 4*k = 348. List the prime factors of i.
2, 11
Let u be (-63)/(-4) + (-4)/(-16). Suppose 0*r - 4*h = 3*r - 24, -2*r + u = -5*h. What are the prime factors of r?
2
Let i(s) = -6*s + 4. Let o be i(-3). Suppose 4*v + o = 5*v. List the prime factors of v.
2, 11
Let z = 8 + 2. Suppose -2*q = -3*q + z. What are the prime factors of q?
2, 5
Let p(w) = 2*w**2 + 6*w - 11. Let m be p(-7). Let x = m - 32. List the prime factors of x.
13
Suppose -2 = v - 5. Suppose n - 1 - 6 = g, -4*n - v*g = 7. Suppose n*x - 21 = -7. What are the prime factors of x?
7
Let u = -4 + 6. Suppose -s = -2*l + 19, 0*l - u*l - 1 = -5*s. List the prime factors of l.
2, 3
Suppose -2*h = 2*i - 12, -4*i - h + 60 = -6*h. Suppose -v + 24 = m + 5, 2*m - i = 5*v. What are the prime factors of m?
3, 5
Let y(m) = -5 - 5*m + 9*m + 1 + 4*m. What are the prime factors of y(5)?
2, 3
Let k(p) = -5*p - 3. What are the prime factors of k(-7)?
2
Let a be (-4)/(-6) - (-20)/(-30). Suppose 4*l = 3*b + 154, 4*l + l - 5*b - 195 = a. List the prime factors of l.
37
Let y(u) = 2*u - 6*u + 4*u + 36 - u. List the prime factors of y(0).
2, 3
Let a be ((-1)/2)/((-4)/(-24)). Let x = a + 17. List the prime factors of x.
2, 7
List the prime factors of (8 - 0/(-3)) + -1.
7
Let w = 137 + -82. What are the prime factors of w?
5, 11
Let s = -183 + 346. What are the prime factors of s?
163
Let h(k) = -5*k**3 - 9*k - 7*k**2 + 4*k**3 - k**3 + k**3 - 6. What are the prime factors of h(-6)?
2, 3
Suppose 4*h - 2 = 3*h. What are the prime factors of (-11)/(1/(h/(-2)))?
11
Let q = 181 + -49. What are the prime factors of q?
2, 3, 11
Suppose 0 = -0*s - 4*s. Let y(w) be the second derivative of -w**5/20 + w**4/12 + w**2 + w. List the prime factors of y(s).
2
Let y(d) = -5*d**3 - 13*d**2 + 11*d + 2. Let s(f) = -11*f**3 - 27*f**2 + 23*f + 4. Let b(i) = -4*s(i) + 9*y(i). What are the prime factors of b(-10)?
2
Let f(n) = n**2 - 7*n + 9. Let b be f(6). Suppose -3*h = -h - 2, -5*x + 78 = b*h. List the prime factors of x.
3, 5
Suppose -2*c = o - 3*c + 4, 5*o + 3*c + 36 = 0. Let u be (o - -5)*1*-1. Suppose 0 = 4*f - u - 35. List the prime factors of f.
3
List the prime factors of 8/(-24) + (-2156)/(-6).
359
Suppose 12 = 4*i - 2*x, -4*i + 4*x = i - 12. List the prime factors of 32/2 + (i - 4).
2
List the prime factors of -2*15/(-2) + 0.
3, 5
Let s = 365 - 176. What are the prime factors of s?
3, 7
Let o = 27 - 38. Let k(s) = s**3 + 10*s**2 - 11*s + 3. Let c be k(o). Suppose 4*q + b + c*b = 16, -55 = -5*q + 2*b. List the prime factors of q.
3
Suppose 0 = 4*p - 5 - 11. Let q be (p - (-2)/(-1)) + 2. Suppose 5*o - 20 = o + 3*j, q*o - 5*j - 20 = 0. List the prime factors of o.
5
Suppose -49 = 3*s + 11. Let v be (-94)/8 - (-5)/s. Let q = 29 + v. List the prime factors of q.
17
Let m(r) = -r**3 + 12*r**2 + 12*r + 18. Let g be m(13). Let i = -2 + g. List the prime factors of i.
3
Let q be -1*5/(-2)*-4. Let d(u) be the first derivative of -u**3/3 - 6*u**2 - 10*u + 2. What are the prime factors of d(q)?
2, 5
Suppose 2*l + 3*b - 13 = 12, 5*l - 74 = 4*b. List the prime factors of l.
2, 7
List the prime factors of 31 + 3/6*-4.
29
Let n(a) = -a**2 + 4*a + 3. Let q be n(4). Suppose 3*w = -q*l - 3, 2*w - 8 = 4*w. List the prime factors of l.
3
Suppose -2*c = 3*z - 383, -c + 28 + 162 = z. List the prime factors of c.
11, 17
Suppose 4*v - 10 = -v. Suppose -v*o + 22 = -30. What are the prime factors of o?
2, 13
Let c be 1 - 0*(-2)/4. Let p(h) be the third derivative of 11*h**4/24 + h**3/6 - h**2. What are the prime factors of p(c)?
2, 3
Let d(x) = -15*x**3 + 2*x**2 + 2*x + 1. What are the prime factors of d(-2)?
5
Let g(y) = -y**2 + 5*y - 5. Let u be g(4). Let h be 0 - (u + 2 + 4). Let n = 8 + h. What are the prime factors of n?
3
Let c(q) = q**3 - 2*q**2 - 4*q - 4. List the prime factors of c(5).
3, 17
Let r be 34/10 + (-4)/10. Suppose r*c = 2*x - 38, 6*c + 12 = 3*c. What are the prime factors of x?
13
Suppose s = -3*y + 11 + 6, -4*s + 84 = 4*y. List the prime factors of s.
23
Suppose 4*x = -3*q - 26, -5*q - 23 = 2*x - 3. Let j = q + 6. Suppose -2*z + 0 = j*u - 22, 5*u = 3*z. What are the prime factors of u?
3
Let w(l) = -l**3 + 8*l**2 - 4*l - 5. Let z be (7/2)/(8/16). Let y be w(z). Suppose -4*u = -v - y + 38, -5*v + 110 = 5*u. What are the prime factors of v?
2, 11
Suppose 0 = -5*b + 8 + 47. What are the prime factors of b?
11
Let v be (-4)/14 - (-428)/28. Suppose -2*m = -3 - v. List the prime factors of m - (2 - (-9)/(-3)).
2, 5
Suppose 17*a - 19*a = -62. List the prime factors of a.
31
Let n = -4 + -2. Let o = 8 - 2. Let f = o - n. What are the prime factors of f?
2, 3
Let b = 99 + -60. List the prime factors of b.
3, 13
Let y(z) = z**2 + 3